00122 (base 4) to base 5
31244
What is -3023 (base 4) in base 5?
-1303
-34767 (base 8) to base 4
-3213313
What is -a7 (base 15) in base 3?
-12211
What is -9bb8 (base 12) in base 11?
-11a86
-20603 (base 12) to base 6
-524003
421 (base 9) to base 3
110201
Convert -372 (base 14) to base 7.
-2002
-14a (base 13) to base 2
-11100111
587 (base 9) to base 6
2124
What is 212110211 (base 3) in base 4?
10023121
What is 1037 (base 8) in base 4?
20133
130102 (base 4) to base 3
2111001
Convert -125040 (base 6) to base 10.
-11472
-1120 (base 6) to base 4
-10020
What is bc (base 15) in base 8?
261
What is 134222 (base 6) in base 16?
3146
What is 10011100011 (base 2) in base 6?
5443
Convert 3011 (base 4) to base 3.
21022
What is -29497 (base 10) in base 6?
-344321
Convert 171 (base 12) to base 13.
148
Convert 432 (base 12) to base 11.
509
What is 360 (base 12) in base 11?
419
-6185 (base 12) to base 7
-42641
Convert -1528 (base 10) to base 12.
-a74
-1023213 (base 5) to base 10
-17308
What is -2422 (base 13) in base 7?
-20602
Convert -272 (base 10) to base 15.
-132
What is -a402 (base 13) in base 5?
-1211043
What is 2210 (base 6) in base 14?
286
Convert 32013 (base 4) to base 12.
633
What is 4517 (base 13) in base 14?
3737
What is 231243 (base 7) in base 8?
120511
Convert -10001110100 (base 2) to base 5.
-14030
-21552 (base 6) to base 10
-3020
Convert 4041423 (base 5) to base 13.
23904
Convert 7088 (base 9) to base 14.
1c63
Convert 11110010110000 (base 2) to base 12.
8ba8
What is 21031 (base 4) in base 11?
496
What is -2d7 (base 16) in base 12?
-507
What is -344244 (base 5) in base 7?
-51203
Convert 522 (base 16) to base 11.
a95
Convert 1470 (base 8) to base 10.
824
Convert -1021021102 (base 3) to base 14.
-916a
Convert -34216 (base 7) to base 13.
-3c52
Convert 1396 (base 16) to base 15.
1744
Convert -65 (base 10) to base 8.
-101
Convert -7d59 (base 16) to base 9.
-48014
What is -19880 (base 10) in base 2?
-100110110101000
What is 3025 (base 6) in base 16?
299
What is -5457 (base 8) in base 11?
-2173
-17595 (base 10) to base 7
-102204
-10033 (base 5) to base 8
-1203
Convert -30214 (base 5) to base 3.
-2122122
What is -2294 (base 15) in base 9?
-11054
What is 2375 (base 9) in base 2?
11011101001
Convert 10b1 (base 14) to base 8.
5523
What is -235 (base 12) in base 14?
-197
Convert -a2b (base 12) to base 10.
-1475
What is -27c (base 13) in base 5?
-3231
-1827 (base 10) to base 14
-947
What is -11111000100 (base 2) in base 12?
-1198
Convert -21302 (base 4) to base 9.
-765
What is -33301 (base 7) in base 6?
-102444
Convert -203520 (base 7) to base 12.
-18246
What is -1112002122 (base 3) in base 9?
-45078
Convert 427 (base 9) to base 12.
251
What is -100034 (base 7) in base 14?
-61c4
Convert 355 (base 7) to base 12.
137
Convert -11244 (base 5) to base 13.
-4b5
-11425 (base 8) to base 13
-22ba
560 (base 7) to base 8
437
What is 4794 (base 11) in base 9?
8541
What is 1113 (base 8) in base 12?
40b
-15b (base 12) to base 14
-115
Convert 23501 (base 6) to base 13.
1732
Convert 1043 (base 6) to base 2.
11110011
-1157 (base 9) to base 6
-3554
Convert 34323 (base 5) to base 9.
3336
Convert -20017 (base 8) to base 9.
-12228
Convert -2530 (base 12) to base 3.
-12210000
14be (base 15) to base 9
6088
10001100010 (base 2) to base 4
101202
-123015 (base 6) to base 4
-2230103
What is a396 (base 11) in base 2?
11010111010010
What is -1201323 (base 4) in base 3?
-22121010
61042 (base 8) to base 15
769c
Convert -15044 (base 11) to base 8.
-51540
Convert 233102 (base 4) to base 8.
5722
574 (base 10) to base 15
284
Convert -230220 (base 4) to base 5.
-42411
What is 1333124 (base 6) in base 5?
4341242
Convert -924 (base 14) to base 8.
-3404
2046 (base 10) to base 9
2723
What is 6291 (base 15) in base 14?
7844
What is -c3 (base 13) in base 14?
-b5
Convert -205 (base 6) to base 16.
-4d
-4ab (base 13) to base 4
-30301
What is 10100100010110 (base 2) in base 11?
79a2
-6271 (base 12) to base 7
-43213
Convert 56fd (base 16) to base 11.
15805
Convert 11544 (base 7) to base 10.
3021
Convert -21311 (base 4) to base 5.
-10004
What is -2407 (base 8) in base 16?
-507
342 (base 14) to base 7
1612
Convert 5a3 (base 13) to base 6.
4310
-110100 (base 2) to base 3
-1221
1122201 (base 3) to base 14
623
-13343 (base 6) to base 9
-2760
Convert -3186 (base 9) to base 2.
-100100101010
What is -2442 (base 6) in base 12?
-422
-97 (base 11) to base 13
-82
What is -1897 (base 13) in base 15?
-114d
Convert 10da (base 15) to base 10.
3580
3020 (base 13) to base 15
1e62
What is 3825 (base 9) in base 8?
5452
-161e (base 15) to base 7
-16601
100000011010 (base 2) to base 5
31244
Convert 412 (base 15) to base 5.
12132
Convert -123113 (base 4) to base 11.
-1352
What is 14de (base 15) in base 12?
2718
Convert 776 (base 14) to base 4.
113010
What is -110100011011 (base 2) in base 12?
-1b37
Convert 708 (base 11) to base 8.
1527
What is 548 (base 9) in base 11?
379
Convert -86 (base 13) to base 14.
-7c
-1782a (base 11) to base 5
-1244313
What is 92 (base 16) in base 10?
146
Convert -10501 (base 11) to base 10.
-15247
What is 12442 (base 6) in base 3?
2121022
Convert 770 (base 13) to base 15.
59e
What is -268 (base 16) in base 5?
-4431
Convert -1797 (base 14) to base 16.
-1099
1102052 (base 6) to base 10
54896
What is -46 (base 7) in base 4?
-202
-1069 (base 10) to base 14
-565
What is e5ed (base 15) in base 8?
136726
What is -13030 (base 5) in base 7?
-2650
-1221022212 (base 3) to base 8
-112403
Convert 1101001111000 (base 2) to base 9.
10258
What is -5e (base 16) in base 3?
-10111
What is 2453 (base 6) in base 2?
1001100001
Convert -4158 (base 10) to base 11.
-3140
-602 (base 13) to base 3
-1101122
-5331 (base 9) to base 2
-111101001100
Convert -4106 (base 7) to base 12.
-9ab
Convert 1bc (base 16) to base 8.
674
Convert -32 (base 4) to base 12.
-12
What is 323321 (base 5) in base 3?
120012121
What is -1121 (base 5) in base 14?
-b7
What is -1100110000111011 (base 2) in base 9?
-78642
Convert 4329 (base 11) to base 2.
1011001010110
Convert 17755 (base 11) to base 16.
6121
78447 (base 9) to base 14
14dd4
What is -1002 (base 4) in base 9?
-73
-10435 (base 8) to base 12
-2651
1468 (base 12) to base 14
c24
What is -14412 (base 6) in base 3?
-10011122
-102020 (base 4) to base 15
-525
Convert 143665 (base 8) to base 16.
c7b5
13525 (base 6) to base 4
201131
4130433 (base 5) to base 15
1507d
100010110 (base 2) to base 12
1b2
What is 4f2 (base 16) in base 15?
596
Convert -43a3 (base 14) to base 4.
-2312323
What is -2366 (base 8) in base 13?
-769
What is -410 (base 15) in base 2?
-1110010011
Convert 6683 (base 9) to base 16.
1347
Convert -56c (base 14) to base 10.
-1076
Convert -10110011101 (base 2) to base 5.
-21222
What is -2256 (base 9) in base 15?
-766
Convert -608 (base 16) to base 14.
-7c4
Convert -1440 (base 7) to base 15.
-27c
Convert -1324 (base 8) to base 10.
-724
Convert -8 (base 13) to base 11.
-8
-c1b (base 14) to base 10
-2377
9122 (base 15) to base 10
30632
What is -356 (base 15) in base 2?
-1011110100
10100101111010 (base 2) to base 9
15507
What is 2212000121 (base 3) in base 11?
39205
What is -153352 (base 6) in base 12?
-8858
Convert -2437 (base 14) to base 11.
-4827
What is -273 (base 13) in base 12?
-300
30011 (base 4) to base 5
11043
What is -10001011 (base 2) in base 3?
-12011
-24142 (base 5) to base 3
-2110120
Convert -754 (base 10) to base 4.
-23302
6313 (base 14) to base 4
10022231
Convert 1442441 (base 5) to base 15.
92b6
Convert 115014 (base 6) to base 4.
2132302
What is -102321 (base 4) in base 14?
-625
What is -100021 (base 3) in base 14?
-13c
-120 (base 15) to base 10
-255
8da (base 14) to base 5
24020
-12022121 (base 3) to base 7
-14206
What is 41c (base 15) in base 5?
12202
-110013113 (base 4) to base 7
-462131
1335 (base 8) to base 4
23131
Convert 456 (base 12) to base 5.
10032
Convert 5964 (base 10) to base 5.
142324
16274 (base 11) to base 5
1213300
100d5 (base 14) to base 6
454415
What is -1530 (base 8) in base 10?
-856
What is 381 (base 12) in base 2?
1000010001
Convert 3042003 (base 5) to base 6.
1021432
What is -5283 (base 11) in base 6?
-52204
Convert 3121 (base 5) to base 6.
1523
Convert 417 (base 12) to base 5.
4340
What is -2112 (base 3) in base 15?
-48
What is -24414 (base 5) in base 3